. Let q(z) = 18*z + 20. Let c(g) = -12*q(g) - 5*t(g). Calculate c(b).
9
Suppose 4*g - g = 0. Suppose g = 6*k - 5*k + 3. Let x(a) = 5*a**2 + 76*a - 3. Let v(l) = -51*l**2 - 798*l + 30. Let w(i) = 2*v(i) + 21*x(i). Calculate w(k).
24
Let w(n) = n**2 + n - 1. Let x(d) = 8*d**2 - 6*d + 5. Let z(l) = 6*w(l) + x(l). Let o = -74 - -76. Suppose 5*k - 11 = -q, 1 = q - o*q + k. Determine z(q).
13
Let h(s) be the second derivative of -s**5/20 + s**4/6 - 5*s**3/6 + 3*s**2/2 - 1027*s - 1. Give h(3).
-21
Let l(q) = -q**2 + 11*q + 426. Let p be l(-16). Let u(n) = n**3 + 5*n**2 - 8*n - 9. What is u(p)?
3
Let f(j) be the second derivative of j**4/12 - 16*j**3/3 + 35*j**2 + 12*j + 15. Calculate f(30).
10
Let f(h) = 339*h - 21. Let l(c) = 124*c - 7. Let i(u) = -4*f(u) + 11*l(u). What is i(5)?
47
Let i(s) = 320*s + 2570. Let k be i(-8). Let m(q) = q**3 - 11*q**2 + 7*q + 19. What is m(k)?
-11
Let p be 16/(-3) + 6/18. Let k(t) = 5*t**3 + 47*t**2 + 11*t + 15. Let c(v) = -v**3 - 9*v**2 - 2*v - 3. Let r(m) = -11*c(m) - 2*k(m). What is r(p)?
3
Let p(d) = 1 + d + 1 - 5*d + 0. Suppose 2*j + 62 = 8. Let r = j + 24. What is p(r)?
14
Let f(g) = 8*g**2 + 26*g - 4*g**2 + 5*g**2 + 1 - 4*g**2 - 3. What is f(-5)?
-7
Let c(d) = 2*d**2 - 20*d + 16. Let o(v) = -15*v + 4. Let g(s) = -20*s + 3. Let u(f) = 2*g(f) - 3*o(f). Let j be u(3). What is c(j)?
-2
Let u(y) = -y**2 + 3*y + 2. Let h be u(2). Suppose i = -n + h, 3*n = 3 - 9. Let j(p) be the third derivative of p**4/12 - 2*p**3/3 + p**2 - 12. Give j(i).
8
Let t = 1 - -1. Let v = -12 - t. Let y(k) = -10*k - 10. Let g(q) = 2*q + 2. Let p(u) = v*g(u) - 3*y(u). Calculate p(2).
6
Suppose 1826*b - 1926*b + 400 = 0. Let a(q) = -q**3 + 5*q**2 + 3*q + 17. Determine a(b).
45
Let v be 2/5*(-420)/168*-5. Let c(h) be the first derivative of -1/3*h**3 - 10 - v*h + 5/2*h**2. Calculate c(6).
-11
Let z = -8 + 7. Let t(p) = -5795 - p + 5795. What is t(z)?
1
Let h(c) = 17644*c + 17635*c + 17 - 35281*c + 2*c**2. Calculate h(4).
41
Let c(d) = d**2 - 6*d - 2. Let q = -14 - -21. Let h be c(q). Let x(i) = i + h + 0*i - 6 + 6. Determine x(-4).
1
Let w = 9 - 17. Let n(u) = 107*u**2 - 12*u - 14. Let y(c) = -232*c**2 + 25*c + 32. Let a(o) = -13*n(o) - 6*y(o). Calculate a(w).
6
Let o be (1 - 1 - -174) + (214 - 216). Suppose o = -20*v + 32. Let w(k) = -2*k - 6. Give w(v).
8
Suppose 8 = b + 15. Let p(g) = -2*g + 6. Let a(i) = -1. Let t(c) = 10*a(c) + p(c). What is t(b)?
10
Let z(f) be the second derivative of -f**4/12 - 3*f**3 + 7*f**2/2 + f - 5423. Give z(-11).
84
Let r(h) = -h**2 + 2*h + 3. Suppose 12*x - 13*x = -38. Suppose -x = 5*i - 13. Let l = 3 + i. Give r(l).
-5
Let g(p) = 4*p**3 - 6*p**2 + 5*p. Suppose -14*o + 8550 - 8508 = 0. What is g(o)?
69
Let t = 2956 - 2928. Let a(y) = -y + 39. Determine a(t).
11
Suppose 2*x - 12 = 6*x. Let w(c) = c**2 + 5*c + 25. Let n be w(-9). Let a(y) = y**3 + 2*y - 106*y**2 + 50*y**2 + n*y**2 + 2*y - 1. What is a(x)?
5
Suppose 0 = -2*u - 0*u - 242. Let g(l) = -3*l**2 - 3*l + 97. Let q be g(-9). Let n = u - q. Let v(a) = -2*a**2 - 1. Calculate v(n).
-9
Let o(b) = 4626*b - 28. Let k(u) = -1261*u + 7. Let c(y) = 11*k(y) + 3*o(y). Let n = 5 - 3. Calculate c(n).
7
Let v(n) = -4*n + 7. Let g be (-2)/(-16)*4*2. Suppose -l + 8 = -g. Let i = l + -4. Determine v(i).
-13
Let c(w) = -w**2 - 9*w + 15. Let t = 432 + -756. Let b = 313 + t. What is c(b)?
-7
Let t be (16/(-5))/(1897/(-1355) + 12/10). Let p(i) = 13*i - 217. What is p(t)?
-9
Let p(a) be the first derivative of -3*a**2 + 3. Let v be 106/5 - (-17)/(-85). Let g = 20 - v. Give p(g).
6
Let h(n) be the first derivative of -n**3/3 + 3*n**2/2 + 5*n - 1763. Give h(-2).
-5
Let z(f) be the third derivative of -f**4/4 + 41*f**3/6 - f**2 + 1809. What is z(6)?
5
Let s(x) = 9*x**3 - 2*x**2 + 8*x - 5. Let a(u) = -23*u**3 + 2*u**2 - 17*u + 9. Let y(g) = -2*a(g) - 5*s(g). Let i = -5 + 2. Let z = i + -4. What is y(z)?
0
Let f(j) = 1. Let y(p) = p - 7. Let v(h) = f(h) + y(h). Let a = -235 - -236. Let l(q) = q. Let g(k) = a*v(k) + 2*l(k). Determine g(4).
6
Let g(c) = 36*c + 1. Let a(d) = 185*d + 27. Let z(o) = a(o) - 5*g(o). What is z(-11)?
-33
Let h be (-6710)/(-3050) + (54/10)/3. Let q(i) = 2*i**2 + 18*i + 5. Let y(w) = -w**2 - 12*w - 3. Let p(m) = 5*q(m) + 8*y(m). Calculate p(h).
9
Suppose 3*t - 25 = o, 0 = o - 266 + 270. Let k(h) = h**3 - 10*h**2 + 16*h - 2. Give k(t).
-37
Let i be (5 + (-145)/10)*(0 - 2). Suppose 2*g + i = 45. Let t(o) = o**2 - 12*o - 5. What is t(g)?
8
Suppose 2*h - 5*v = 37, 4 = -v - 1. Let y(t) = t**3 + 8*t**2 - 13*t - 9. Let w be y(-9). Let p(m) = m**2 + w - 5*m - 21 - 14. Determine p(h).
-2
Let k(p) = -415*p**2 - 415*p**2 - 4 + 829*p**2 + 8*p. Suppose 5*w - 15 - 5 = 0, -4*j - 4*w = -36. What is k(j)?
11
Let b(w) be the first derivative of -w**4/4 + 5*w**3/3 + 5*w**2 - 9*w - 2970. Calculate b(8).
-121
Let d(p) = -p**3 - 8*p**2 + p + 9. Suppose -4*j - k + 192 = 0, -j = -k + 4*k - 59. Let z = j - 41. Suppose 0 = z*s - 4*s + 16. What is d(s)?
1
Let c(h) = 5*h + 19. Let m(d) = d**2 - 11*d + 25. Let u be m(4). Let b be c(u). Let v(x) = 5*x - 1. Determine v(b).
19
Let y(q) = -4*q + 140. Let v be (16 - (-20 + 2)) + (-2)/1. What is y(v)?
12
Let o(z) = z**2 + 2*z + 7. Let l(u) = -20*u**2 + 3*u + 6. Let k(g) = l(g) - o(g). Calculate k(1).
-21
Let a(k) = k**2 + 25*k - 117. Suppose j - 386*w + 49 = -382*w, -4*w = -4*j - 136. Give a(j).
-1
Let t(y) = -y**2 + 15*y - 36. Let h be 99/(-63)*(-9 + 2). Give t(h).
8
Let f(o) = o**3 - 9*o**2 + 9*o - 6. Let y = -268 + 266. Let q be 10 - 4/(0 - y). Give f(q).
2
Let l(j) = 15*j + 15*j - 41*j + 12*j - 5. Let w(y) = 10*y - 35. Let h(r) = 6*l(r) - w(r). Determine h(3).
-7
Let z be (-10)/14 - -1 - (-12)/7. Let c(j) = -j + 18. Let r be c(15). Let f(d) = 1 - 1 + 0 - d**r - 2. What is f(z)?
-10
Let c = -58 - -53. Let s(a) be the first derivative of -a**4/4 - 7*a**3/3 - 3*a**2/2 + 2*a - 1692. Determine s(c).
-33
Let s(t) be the second derivative of -t**5/20 + 25*t**4/12 + 23*t**3/6 + 31*t**2/2 + t + 905. What is s(26)?
-47
Let m(w) be the first derivative of -w**4/2 + w**3/3 + w**2 + w - 342. Let u = 201 + -202. What is m(u)?
2
Let f(o) = -4*o + 1. Let h = -252 - -617. Suppose 2*d + h = 371. Determine f(d).
-11
Let f(a) = a. Let b(z) = -1 - 2*z + 5 - 3 + 6*z. Suppose 4*m = -s - 8, 0 = -m + 4*s + 15. Let p(x) = m*b(x) + 3*f(x). What is p(7)?
-8
Let q(b) = -17*b + 37 - 47 - 82 - 7*b + 20*b. Give q(-19).
-16
Let p be (-5)/((-20)/(-78))*(1 - 7). Suppose -3*g - g + 2*t = -154, 3*g - p = t. Let u(x) = -g*x**2 - 2 - 2*x - 3*x + 3*x + 43*x**2 - 2*x**3. Calculate u(2).
-10
Let h(r) = 4*r + 4*r + 1 + 0*r + 2*r. Let p(u) = -u. Let b(j) = -h(j) - 6*p(j). Suppose 2*t = -4*v + 2*v - 8, 0 = -4*t - 8. What is b(v)?
7
Let v(s) = s + 3. Let k(l) = -l**3 + 17*l**2 + 17*l + 24. Let o be k(18). Let g be (1*o)/(-4 + (-18)/(-6)). Let f be 1*-8*g/(-12). Determine v(f).
-1
Let i(b) = -7*b**2 + b - 10. Let o(a) = 22*a**2 - 3*a + 28. Let n(q) = 19*i(q) + 6*o(q). Suppose 18 = -5*j - 4*x - 2, -2*j = -3*x - 15. What is n(j)?
-22
Let g(p) = -4*p**3 + 3*p**2 - 3*p + 24. Let x(a) = -7*a**3 + 6*a**2 - 5*a + 53. Let j(q) = -9*g(q) + 4*x(q). Calculate j(2).
62
Let x(o) be the third derivative of 201*o**2 + 0*o + 0 + 1/60*o**5 - 1/30*o**6 - 1/24*o**4 + 0*o**3. Suppose -f + 1 = -0. Determine x(f).
-4
Let o be 8 - 5/(5/4). Suppose -9*y + 11*y + o = q, -y = -3*q + 12. Let j(f) = -8*f - 3. Let p(c) = 3*c + 1. Let k(m) = -2*j(m) - 5*p(m). What is k(y)?
1
Let i(c) be the second derivative of -5*c**2 - 3/2*c**3 - 6*c - 11 - 1/12*c**4. Determine i(-8).
-2
Let a(o) = -12907485 + 7*o + 2*o**2 + 5*o + 12907465. What is a(-9)?
34
Let a(b) = -3*b**2 + 3*b + 1. Let n(j) be the first derivative of -j**3/3 - 9*j**2/2 - 12*j + 3. Let m be n(-7). Let f be m*(0 + 1)*-1. What is a(f)?
-17
Let z(s) = s**2 + 9*s - 13. Let u(c) = 412*c - 2066. Let k be u(5). Calculate z(k).
-31
Let u(o) = 47 + 92 - 131 - 21*o - 4*o**2. Determine u(-6).
-10
Let z(c) = c + 20. Let i be z(0). Let k = i - 14. Let a(l) be the third derivative of -l**6/120 + 7*l**5/60 - l**4/8 - l**3 + 8049*l**2. Calculate a(k).
12
Let j(a) = -a**3 - 5*a**2 + a - 2. Let c = -18 - -13. Let y = -2 - c. Let n = y - 8. Give j(n).
-7
Let z(s) = -12*s - 4. Let c be z(0). Let a(j) = -2*j - 5*j**2 + 2 + 6*j**2 - j**2 - j**2. Give a(c).
-6
Let f(j) = j**2 